{"id":74,"date":"2023-07-30T16:01:58","date_gmt":"2023-07-30T16:01:58","guid":{"rendered":"https:\/\/mknuth.net\/?page_id=74"},"modified":"2023-08-01T12:51:39","modified_gmt":"2023-08-01T12:51:39","slug":"berufliche-erfahrungen","status":"publish","type":"page","link":"https:\/\/mknuth.net\/index.php\/berufliche-erfahrungen\/","title":{"rendered":"Berufliche Erfahrungen"},"content":{"rendered":"<h3>Hauptberufliche T\u00e4tigkeiten<\/h3>\n<table style=\"width: 100%; border-collapse: collapse; border-color: #78983c; border-style: solid; height: 403px;\">\n<tbody>\n<tr style=\"height: 50px; background-color: #e6f3c5;\">\n<td style=\"width: 9.13655%; height: 50px;\">\n<h5>Zeitraum<\/h5>\n<\/td>\n<td style=\"width: 17.47%; height: 50px;\">\n<h5>Institution<\/h5>\n<\/td>\n<td style=\"width: 11.0944%; height: 50px;\">\n<h5>Ort<\/h5>\n<\/td>\n<td style=\"width: 23.6446%; height: 50px;\">\n<h5>Position<\/h5>\n<\/td>\n<td style=\"width: 38.6546%; height: 50px;\">\n<h5>Arbeitsgebiete<\/h5>\n<\/td>\n<\/tr>\n<tr style=\"height: 25px;\">\n<td style=\"width: 9.13655%; height: 25px;\">1976-1977<\/td>\n<td style=\"width: 17.47%; height: 25px;\">Projekttr\u00e4ger Humanisierung des Arbeitslebens<\/td>\n<td style=\"width: 11.0944%; height: 25px;\">Bonn<\/td>\n<td style=\"width: 23.6446%; height: 25px;\">Wissenschaftlicher Mitarbeiter<\/td>\n<td style=\"width: 38.6546%; height: 25px;\">neue Arbeitsstrukturen<\/td>\n<\/tr>\n<tr style=\"height: 76px;\">\n<td style=\"width: 9.13655%; height: 76px;\">1977-1981<\/td>\n<td style=\"width: 17.47%; height: 76px;\">Institut f\u00fcr Sozialforschung und Sozialwirtschaft e.V. (ISO)<\/td>\n<td style=\"width: 11.0944%; height: 76px;\">Saarbr\u00fccken<\/td>\n<td style=\"width: 23.6446%; height: 76px;\">Wissenschaftlicher Mitarbeiter<\/td>\n<td style=\"width: 38.6546%; height: 76px;\">Humanisierung der Arbeit<br \/>\nMitbestimmung<\/td>\n<\/tr>\n<tr style=\"height: 76px;\">\n<td style=\"width: 9.13655%; height: 76px;\">1982-1989<\/td>\n<td style=\"width: 17.47%; height: 76px;\">Hans-B\u00f6ckler-Stiftung<\/td>\n<td style=\"width: 11.0944%; height: 76px;\">D\u00fcsseldorf<\/td>\n<td style=\"width: 23.6446%; height: 76px;\">Referatsleiter Forschungsf\u00f6rderung<\/td>\n<td style=\"width: 38.6546%; height: 76px;\">Mitbestimmung<br \/>\nArbeitsgestaltung<br \/>\nErwerbsformen<\/td>\n<\/tr>\n<tr style=\"height: 25px;\">\n<td style=\"width: 9.13655%; height: 25px;\">1990-2000<\/td>\n<td style=\"width: 17.47%; height: 25px; border-style: none; vertical-align: bottom;\">Institut Arbeit<\/td>\n<td style=\"width: 11.0944%; height: 25px; vertical-align: bottom;\">Gelsenkirchen<\/td>\n<td style=\"width: 23.6446%; height: 25px;\">Projektleiter<\/td>\n<td style=\"width: 38.6546%; height: 25px;\">sektoraler und beruflicher Strukturwandel<br \/>\nArbeitsm\u00e4rkte und Erwerbsverl\u00e4ufe<br \/>\nArbeitsmarktpolitik<\/td>\n<\/tr>\n<tr style=\"height: 25px;\">\n<td style=\"width: 9.13655%; height: 25px;\">2001-2006<\/td>\n<td style=\"width: 17.47%; height: 25px; vertical-align: top;\">und Technik<\/td>\n<td style=\"width: 11.0944%; height: 25px;\"><\/td>\n<td style=\"width: 23.6446%; height: 25px;\">Wissenschaftlicher Gesch\u00e4ftsf\u00fchrer<\/td>\n<td style=\"width: 38.6546%; height: 25px;\">Koordination von Forschungsplanung und Evaluation<br \/>\nPublikationsreihen<br \/>\nOrganisationsentwicklung<\/td>\n<\/tr>\n<tr style=\"height: 76px;\">\n<td style=\"width: 9.13655%; height: 76px;\">2007-2011<\/td>\n<td style=\"width: 17.47%; height: 76px; border-style: none; vertical-align: bottom;\">Institut Arbeit und Qualifikation,<\/td>\n<td style=\"width: 11.0944%; height: 76px; vertical-align: bottom;\">Duisburg<\/td>\n<td style=\"width: 23.6446%; height: 76px;\">Leiter der Forschungsabteilung &#8220;Entwicklungstrends des Erwerbssystems&#8221;<\/td>\n<td style=\"width: 38.6546%; height: 76px;\">Evaluation von arbeitsmarktpolitischen Reformen und Instrumenten<\/td>\n<\/tr>\n<tr style=\"height: 25px;\">\n<td style=\"width: 9.13655%; height: 25px;\">2011-2016<\/td>\n<td style=\"width: 17.47%; height: 25px; vertical-align: top;\">Universit\u00e4t Duisburg-Essen<\/td>\n<td style=\"width: 11.0944%; height: 25px;\"><\/td>\n<td style=\"width: 23.6446%; height: 25px;\">Wissenschaftlicher Mitarbeiter und Projektleiter in der Forschungsabteilung\u00a0 &#8220;Arbeitsmarkt &#8211; Integration &#8211; Mobilit\u00e4t&#8221;<\/td>\n<td style=\"width: 38.6546%; height: 25px;\">Besch\u00e4ftigtentransfer<br \/>\nArbeitsmarktintegration von Migrant*innen<\/td>\n<\/tr>\n<tr style=\"height: 25px;\">\n<td style=\"width: 9.13655%; height: 25px;\">2016<\/td>\n<td style=\"width: 17.47%; height: 25px;\">Eintritt in den Ruhestand<\/td>\n<td style=\"width: 11.0944%; height: 25px;\"><\/td>\n<td style=\"width: 23.6446%; height: 25px;\"><\/td>\n<td style=\"width: 38.6546%; height: 25px;\"><\/td>\n<\/tr>\n<\/tbody>\n<\/table>\n<p>&nbsp;<\/p>\n<h3>Nebenberufliche und Ehrenamtliche T\u00e4tigkeiten<\/h3>\n<table style=\"border-collapse: collapse; width: 100%;\">\n<tbody>\n<tr style=\"background-color: #e6f3c5;\">\n<td style=\"width: 8.93574%;\">Zeitraum<\/td>\n<td style=\"width: 40.763%;\">Organisation<\/td>\n<td style=\"width: 15.8636%;\">Ort<\/td>\n<td style=\"width: 24.749%;\">Position<\/td>\n<td style=\"width: 9.68876%; text-align: center;\">URL<\/td>\n<\/tr>\n<tr>\n<td style=\"width: 8.93574%;\">1991-1993<\/td>\n<td style=\"width: 40.763%;\">Walzwerke Finow GmbH<\/td>\n<td style=\"width: 15.8636%;\">Eberswalde-Finow<\/td>\n<td style=\"width: 24.749%;\">Stellvertretender Aufsichtsratsvorsitzender<\/td>\n<td style=\"width: 9.68876%;\"><\/td>\n<\/tr>\n<tr>\n<td style=\"width: 8.93574%;\">2011-2016<\/td>\n<td style=\"width: 40.763%; border-style: none; vertical-align: bottom;\">Deutsche Vereinigung f\u00fcr Sozialwissenschaftliche<\/td>\n<td style=\"width: 15.8636%; border-style: none; vertical-align: bottom;\">Duisburg<\/td>\n<td style=\"width: 24.749%;\">Vorsitzender<\/td>\n<td style=\"width: 9.68876%; text-align: center; vertical-align: bottom;\"><a href=\"https:\/\/samf.de\/\" target=\"_blank\" rel=\"noopener\"><i class=\"fas fa-external-link-alt\"><\/i><\/a><\/td>\n<\/tr>\n<tr>\n<td style=\"width: 8.93574%;\">2017-2020<\/td>\n<td style=\"width: 40.763%; vertical-align: top;\">Arbeitsmarktforschung e. V.<\/td>\n<td style=\"width: 15.8636%;\"><\/td>\n<td style=\"width: 24.749%;\">Schatzmeister<\/td>\n<td style=\"width: 9.68876%;\"><\/td>\n<\/tr>\n<tr>\n<td style=\"width: 8.93574%;\">seit 2015<\/td>\n<td style=\"width: 40.763%;\">Verein zur F\u00f6rderung der Integration von hochqualifizierten\u00a0Zuwanderinnen und Zuwanderern <span style=\"color: #21829b;\"><strong>INTEZ<\/strong> <\/span>e.V.<\/td>\n<td style=\"width: 15.8636%;\">Essen<\/td>\n<td style=\"width: 24.749%;\">Kassierer<\/td>\n<td style=\"width: 9.68876%; text-align: center;\"><a href=\"https:\/\/intez.de\/\" target=\"_blank\" rel=\"noopener\"><i class=\"fas fa-external-link-alt\"><\/i><\/a><\/td>\n<\/tr>\n<tr>\n<td style=\"width: 8.93574%;\">seit 2018<\/td>\n<td style=\"width: 40.763%;\">F\u00f6rderverein Fl\u00fcchtlingshilfe Sprockh\u00f6vel e.V.<\/td>\n<td style=\"width: 15.8636%;\">Sprockh\u00f6vel<\/td>\n<td style=\"width: 24.749%;\">Schatzmeister<\/td>\n<td style=\"width: 9.68876%; text-align: center;\"><a href=\"https:\/\/fluechtlingshilfe-sprockhoevel.de\" target=\"_blank\" rel=\"noopener\"><i class=\"fas fa-external-link-alt\"><\/i><\/a><\/td>\n<\/tr>\n<tr>\n<td style=\"width: 8.93574%;\">seit 2020<\/td>\n<td style=\"width: 40.763%;\">eigene Sprachlern-Webseite<\/td>\n<td style=\"width: 15.8636%;\"><\/td>\n<td style=\"width: 24.749%;\"><\/td>\n<td style=\"width: 9.68876%; text-align: center;\"><a href=\"https:\/\/ondaz.de\/\" target=\"_blank\" rel=\"noopener\"><i class=\"fas fa-external-link-alt\"><\/i><\/a><\/td>\n<\/tr>\n<\/tbody>\n<\/table>\n","protected":false},"excerpt":{"rendered":"<p>Hauptberufliche T\u00e4tigkeiten Zeitraum Institution Ort Position Arbeitsgebiete 1976-1977 Projekttr\u00e4ger Humanisierung des Arbeitslebens Bonn Wissenschaftlicher Mitarbeiter neue Arbeitsstrukturen 1977-1981 Institut f\u00fcr Sozialforschung und Sozialwirtschaft e.V. (ISO) Saarbr\u00fccken Wissenschaftlicher Mitarbeiter Humanisierung der Arbeit Mitbestimmung 1982-1989 Hans-B\u00f6ckler-Stiftung D\u00fcsseldorf Referatsleiter Forschungsf\u00f6rderung Mitbestimmung Arbeitsgestaltung Erwerbsformen 1990-2000 Institut Arbeit Gelsenkirchen Projektleiter sektoraler und beruflicher Strukturwandel Arbeitsm\u00e4rkte und Erwerbsverl\u00e4ufe Arbeitsmarktpolitik 2001-2006 und &#8230; <a title=\"Berufliche Erfahrungen\" class=\"read-more\" href=\"https:\/\/mknuth.net\/index.php\/berufliche-erfahrungen\/\" aria-label=\"Read more about Berufliche Erfahrungen\">Read more<\/a><\/p>\n","protected":false},"author":1,"featured_media":0,"parent":0,"menu_order":0,"comment_status":"closed","ping_status":"closed","template":"","meta":{"footnotes":""},"class_list":["post-74","page","type-page","status-publish"],"_links":{"self":[{"href":"https:\/\/mknuth.net\/index.php\/wp-json\/wp\/v2\/pages\/74","targetHints":{"allow":["GET"]}}],"collection":[{"href":"https:\/\/mknuth.net\/index.php\/wp-json\/wp\/v2\/pages"}],"about":[{"href":"https:\/\/mknuth.net\/index.php\/wp-json\/wp\/v2\/types\/page"}],"author":[{"embeddable":true,"href":"https:\/\/mknuth.net\/index.php\/wp-json\/wp\/v2\/users\/1"}],"replies":[{"embeddable":true,"href":"https:\/\/mknuth.net\/index.php\/wp-json\/wp\/v2\/comments?post=74"}],"version-history":[{"count":27,"href":"https:\/\/mknuth.net\/index.php\/wp-json\/wp\/v2\/pages\/74\/revisions"}],"predecessor-version":[{"id":107,"href":"https:\/\/mknuth.net\/index.php\/wp-json\/wp\/v2\/pages\/74\/revisions\/107"}],"wp:attachment":[{"href":"https:\/\/mknuth.net\/index.php\/wp-json\/wp\/v2\/media?parent=74"}],"curies":[{"name":"wp","href":"https:\/\/api.w.org\/{rel}","templated":true}]}}